{"version":"1.0","provider_name":"Association pour la Recherche sur les S\u00e9quelles de la Radioth\u00e9rapie","provider_url":"https:\/\/resra.bruet.com\/fr","author_name":"Jean-Bernard","author_url":"https:\/\/resra.bruet.com\/fr\/author\/froidure-jean-bernard\/","title":"Radiculopathie - Association pour la Recherche sur les S\u00e9quelles de la Radioth\u00e9rapie","type":"rich","width":600,"height":338,"html":"<blockquote class=\"wp-embedded-content\" data-secret=\"DhkVv5pAy0\"><a href=\"https:\/\/resra.bruet.com\/fr\/temoignage-radiculopathie\/\">Radiculopathie<\/a><\/blockquote><iframe sandbox=\"allow-scripts\" security=\"restricted\" src=\"https:\/\/resra.bruet.com\/fr\/temoignage-radiculopathie\/embed\/#?secret=DhkVv5pAy0\" width=\"600\" height=\"338\" title=\"\u00ab\u00a0Radiculopathie\u00a0\u00bb &#8212; Association pour la Recherche sur les S\u00e9quelles de la Radioth\u00e9rapie\" data-secret=\"DhkVv5pAy0\" frameborder=\"0\" marginwidth=\"0\" marginheight=\"0\" scrolling=\"no\" class=\"wp-embedded-content\"><\/iframe><script>\n\/*! This file is auto-generated *\/\n!function(d,l){\"use strict\";l.querySelector&&d.addEventListener&&\"undefined\"!=typeof URL&&(d.wp=d.wp||{},d.wp.receiveEmbedMessage||(d.wp.receiveEmbedMessage=function(e){var t=e.data;if((t||t.secret||t.message||t.value)&&!\/[^a-zA-Z0-9]\/.test(t.secret)){for(var s,r,n,a=l.querySelectorAll('iframe[data-secret=\"'+t.secret+'\"]'),o=l.querySelectorAll('blockquote[data-secret=\"'+t.secret+'\"]'),c=new RegExp(\"^https?:$\",\"i\"),i=0;i<o.length;i++)o[i].style.display=\"none\";for(i=0;i<a.length;i++)s=a[i],e.source===s.contentWindow&&(s.removeAttribute(\"style\"),\"height\"===t.message?(1e3<(r=parseInt(t.value,10))?r=1e3:~~r<200&&(r=200),s.height=r):\"link\"===t.message&&(r=new URL(s.getAttribute(\"src\")),n=new URL(t.value),c.test(n.protocol))&&n.host===r.host&&l.activeElement===s&&(d.top.location.href=t.value))}},d.addEventListener(\"message\",d.wp.receiveEmbedMessage,!1),l.addEventListener(\"DOMContentLoaded\",function(){for(var e,t,s=l.querySelectorAll(\"iframe.wp-embedded-content\"),r=0;r<s.length;r++)(t=(e=s[r]).getAttribute(\"data-secret\"))||(t=Math.random().toString(36).substring(2,12),e.src+=\"#?secret=\"+t,e.setAttribute(\"data-secret\",t)),e.contentWindow.postMessage({message:\"ready\",secret:t},\"*\")},!1)))}(window,document);\n\/\/# sourceURL=https:\/\/resra.bruet.com\/wp-includes\/js\/wp-embed.min.js\n<\/script>\n","description":"Avant toute chose, je souhaite afficher publiquement mes remerciements au Dr Sylvie Delanian. Par son extr\u00eame comp\u00e9tence, son \u00e9coute, son humanit\u00e9, elle est un exemple et je peux vraiment dire qu\u2019elle m\u2019a sauv\u00e9. N\u00e9 en 1957, j\u2019ai pr\u00e9sent\u00e9 un s\u00e9minome pur en 1996, \u00e0 l\u2019\u00e2ge de 39 ans, qui a \u00e9t\u00e9 trait\u00e9 et gu\u00e9ri par &hellip; Continuer la lecture de &laquo;&nbsp;&nbsp;&raquo;"}

Association pour la Recherche sur les Séquelles de la Radiothérapie

Radiculopathie - Association pour la Recherche sur les Séquelles de la Radiothérapie

<blockquote class="wp-embedded-content" data-secret="DhkVv5pAy0"><a href="https://resra.bruet.com/fr/temoignage-radiculopathie/">Radiculopathie</a></blockquote><iframe sandbox="allow-scripts" security="restricted" src="https://resra.bruet.com/fr/temoignage-radiculopathie/embed/#?secret=DhkVv5pAy0" width="600" height="338" title="« Radiculopathie » &#8212; Association pour la Recherche sur les Séquelles de la Radiothérapie" data-secret="DhkVv5pAy0" frameborder="0" marginwidth="0" marginheight="0" scrolling="no" class="wp-embedded-content"></iframe><script>
/*! This file is auto-generated */
!function(d,l){"use strict";l.querySelector&&d.addEventListener&&"undefined"!=typeof URL&&(d.wp=d.wp||{},d.wp.receiveEmbedMessage||(d.wp.receiveEmbedMessage=function(e){var t=e.data;if((t||t.secret||t.message||t.value)&&!/[^a-zA-Z0-9]/.test(t.secret)){for(var s,r,n,a=l.querySelectorAll('iframe[data-secret="'+t.secret+'"]'),o=l.querySelectorAll('blockquote[data-secret="'+t.secret+'"]'),c=new RegExp("^https?:$","i"),i=0;i<o.length;i++)o[i].style.display="none";for(i=0;i<a.length;i++)s=a[i],e.source===s.contentWindow&&(s.removeAttribute("style"),"height"===t.message?(1e3<(r=parseInt(t.value,10))?r=1e3:~~r<200&&(r=200),s.height=r):"link"===t.message&&(r=new URL(s.getAttribute("src")),n=new URL(t.value),c.test(n.protocol))&&n.host===r.host&&l.activeElement===s&&(d.top.location.href=t.value))}},d.addEventListener("message",d.wp.receiveEmbedMessage,!1),l.addEventListener("DOMContentLoaded",function(){for(var e,t,s=l.querySelectorAll("iframe.wp-embedded-content"),r=0;r<s.length;r++)(t=(e=s[r]).getAttribute("data-secret"))||(t=Math.random().toString(36).substring(2,12),e.src+="#?secret="+t,e.setAttribute("data-secret",t)),e.contentWindow.postMessage({message:"ready",secret:t},"*")},!1)))}(window,document);
//# sourceURL=https://resra.bruet.com/wp-includes/js/wp-embed.min.js
</script>

Avant toute chose, je souhaite afficher publiquement mes remerciements au Dr Sylvie Delanian. Par son extrême compétence, son écoute, son humanité, elle est un exemple et je peux vraiment dire qu’elle m’a sauvé. Né en 1957, j’ai présenté un séminome pur en 1996, à l’âge de 39 ans, qui a été traité et guéri par &hellip; Continuer la lecture de &laquo;&nbsp;&nbsp;&raquo;
